st the prime factors of 335717.
97, 3461
What are the prime factors of 11778911?
11778911
List the prime factors of 273481.
13, 109, 193
What are the prime factors of 987820?
2, 5, 49391
What are the prime factors of 22000939?
22000939
List the prime factors of 330916.
2, 82729
List the prime factors of 705607.
7, 100801
What are the prime factors of 618135?
3, 5, 7, 29
What are the prime factors of 8994246?
2, 3, 1499041
List the prime factors of 164501.
179, 919
What are the prime factors of 1773037?
7, 241, 1051
What are the prime factors of 1553349?
3, 7, 10567
What are the prime factors of 1422037?
523, 2719
List the prime factors of 594292.
2, 148573
List the prime factors of 626006.
2, 313003
List the prime factors of 532579.
331, 1609
What are the prime factors of 223682?
2, 97, 1153
List the prime factors of 275738.
2, 137869
What are the prime factors of 7698761?
7, 1099823
What are the prime factors of 17570717?
449, 39133
List the prime factors of 292135.
5, 58427
What are the prime factors of 4498148?
2, 163, 6899
What are the prime factors of 5880926?
2, 829, 3547
List the prime factors of 12943873.
12943873
List the prime factors of 294222.
2, 3, 49037
List the prime factors of 13866639.
3, 4622213
What are the prime factors of 3564464?
2, 222779
List the prime factors of 10687673.
59, 79, 2293
What are the prime factors of 11687338?
2, 13, 37, 12149
List the prime factors of 729926.
2, 31, 61, 193
List the prime factors of 7575684.
2, 3, 631307
What are the prime factors of 16654644?
2, 3, 462629
List the prime factors of 8894072.
2, 11, 211, 479
List the prime factors of 4917623.
31, 158633
List the prime factors of 1797758.
2, 239, 3761
List the prime factors of 3249838.
2, 59, 27541
What are the prime factors of 859251?
3, 37, 7741
List the prime factors of 770719.
337, 2287
List the prime factors of 1911540.
2, 3, 5, 31859
What are the prime factors of 2643512?
2, 330439
List the prime factors of 28523270.
2, 5, 2852327
List the prime factors of 2605764.
2, 3, 7, 67, 463
List the prime factors of 4909804.
2, 17, 103, 701
List the prime factors of 27543372.
2, 3, 2295281
List the prime factors of 3297724.
2, 223, 3697
What are the prime factors of 15670637?
15670637
What are the prime factors of 3359370?
2, 3, 5, 7, 17, 941
What are the prime factors of 52570?
2, 5, 7, 751
What are the prime factors of 1088857?
7, 11, 79, 179
List the prime factors of 1650458.
2, 825229
List the prime factors of 833322.
2, 3, 7, 19841
List the prime factors of 9482854.
2, 23, 8963
What are the prime factors of 684851?
79, 8669
List the prime factors of 508593.
3, 169531
List the prime factors of 11203577.
7, 11, 145501
List the prime factors of 30065544.
2, 3, 417577
What are the prime factors of 1522864?
2, 7, 13597
List the prime factors of 4758069.
3, 1586023
What are the prime factors of 8683864?
2, 7, 155069
List the prime factors of 197813.
7, 11, 367
List the prime factors of 4981904.
2, 103, 3023
What are the prime factors of 2751516?
2, 3, 73, 349
List the prime factors of 8814183.
3, 7, 43, 227
What are the prime factors of 476507?
476507
What are the prime factors of 3321302?
2, 47, 89, 397
List the prime factors of 1727464.
2, 181, 1193
What are the prime factors of 252471?
3, 23, 3659
List the prime factors of 6183955.
5, 1236791
What are the prime factors of 24068002?
2, 7, 1719143
List the prime factors of 579864.
2, 3, 37, 653
What are the prime factors of 13266?
2, 3, 11, 67
List the prime factors of 1748022.
2, 3, 291337
What are the prime factors of 14586286?
2, 11, 13, 51001
What are the prime factors of 317866?
2, 17, 9349
List the prime factors of 183232.
2, 7, 409
What are the prime factors of 908576?
2, 28393
List the prime factors of 769978.
2, 11, 31, 1129
List the prime factors of 969902.
2, 484951
What are the prime factors of 404030?
2, 5, 11, 3673
What are the prime factors of 375912?
2, 3, 23, 227
What are the prime factors of 278690?
2, 5, 29, 31
What are the prime factors of 6264441?
3, 23, 53, 571
What are the prime factors of 7583995?
5, 31, 113, 433
What are the prime factors of 1938343?
11, 176213
What are the prime factors of 150982?
2, 13, 5807
What are the prime factors of 566781?
3, 188927
What are the prime factors of 6488548?
2, 11, 31, 67, 71
What are the prime factors of 191354?
2, 241, 397
What are the prime factors of 174019?
174019
What are the prime factors of 2110830?
2, 3, 5, 71, 991
List the prime factors of 10428800.
2, 5, 3259
List the prime factors of 351327.
3, 117109
List the prime factors of 816421.
727, 1123
List the prime factors of 334732.
2, 67, 1249
What are the prime factors of 789322?
2, 29, 31, 439
What are the prime factors of 10712793?
3, 7, 13, 39241
What are the prime factors of 9519422?
2, 11, 17, 25453
What are the prime factors of 56172?
2, 3, 31, 151
List the prime factors of 91237.
91237
What are the prime factors of 217274?
2, 108637
What are the prime factors of 30863?
7, 4409
List the prime factors of 602967.
3, 200989
List the prime factors of 6604902.
2, 3, 40771
What are the prime factors of 8202324?
2, 3, 13, 52579
List the prime factors of 6653559.
3, 11, 201623
List the prime factors of 135374.
2, 113, 599
What are the prime factors of 4106018?
2, 7, 107, 2741
What are the prime factors of 17804810?
2, 5, 1780481
List the prime factors of 13569498.
2, 3, 251287
What are the prime factors of 519826?
2, 17, 15289
List the prime factors of 632923.
632923
List the prime factors of 8024784.
2, 3, 31, 5393
List the prime factors of 541202.
2, 270601
List the prime factors of 127287.
3, 14143
What are the prime factors of 13697125?
5, 13, 8429
What are the prime factors of 4902009?
3, 7, 33347
What are the prime factors of 444085?
5, 88817
List the prime factors of 1289318.
2, 571, 1129
List the prime factors of 14373331.
7, 2053333
List the prime factors of 47883.
3, 11, 1451
List the prime factors of 582354.
2, 3, 32353
List the prime factors of 3373129.
3373129
What are the prime factors of 429801?
3, 23, 6229
What are the prime factors of 53230?
2, 5, 5323
What are the prime factors of 349576?
2, 37, 1181
What are the prime factors of 1743936?
2, 3, 31, 293
What are the prime factors of 7593227?
1163, 6529
List the prime factors of 3672169.
83, 151, 293
List the prime factors of 643064.
2, 31, 2593
List the prime factors of 35539902.
2, 3, 71, 27809
What are the prime factors of 2611253?
907, 2879
What are the prime factors of 33257592?
2, 3, 59, 7829
List the prime factors of 219755.
5, 43951
What are the prime factors of 431804?
2, 107951
List the prime factors of 3109117.
11, 23, 12289
What are the prime factors of 7739745?
3, 5, 13, 19, 2089
List the prime factors of 4989357.
3, 31, 1987
What are the prime factors of 1282863?
3, 427621
What are the prime factors of 585235?
5, 7, 23, 727
What are the prime factors of 12463?
11, 103
List the prime factors of 3239167.
239, 13553
List the prime factors of 377215.
5, 37, 2039
List the prime factors of 14954.
2, 7477
What are the prime factors of 16644320?
2, 5, 7, 11, 193
List the prime factors of 1328905.
5, 265781
List the prime factors of 1026084.
2, 3, 37, 2311
List the prime factors of 218595.
3, 5, 13, 19, 59
What are the prime factors of 7453084?
2, 1863271
What are the prime factors of 20862151?
20862151
What are the prime factors of 166600?
2, 5, 7, 17
What are the prime factors of 27502707?
3, 53, 172973
List the prime factors of 374112.
2, 3, 433
List the prime factors of 204279.
3, 149, 457
What are the prime factors of 4175997?
3, 7, 47, 4231
List the prime factors of 1737868.
2, 11, 127, 311
What are the prime factors of 604830?
2, 3, 5, 20161
What are the prime factors of 8885301?
3, 127, 23321
List the prime factors of 152808.
2, 3, 6367
List the prime factors of 1476988.
2, 369247
List the prime factors of 2636921.
7, 17, 22159
What are the prime factors of 362963?
23, 43, 367
What are the prime factors of 116316?
2, 3, 359
What are the prime factors of 61252?
2, 15313
List the prime factors of 19920139.
23, 866093
What are the prime factors of 5082233?
13, 31, 12611
List the prime factors of 9203118.
2, 3, 43, 35671
What are the prime factors of 2141576?
2, 23, 103, 113
What are the prime f